Let l(j) = 270*j + 1614. Determine l(-6).
-6
Let j(w) = -572*w + 14318. What is j(25)?
18
Let l(v) = -17*v**2 + 46*v + 85. What is l(-2)?
-75
Let c(x) = -4*x + 35. Determine c(4).
19
Let l(x) = -2*x**3 - 86*x**2 - 863*x + 25. What is l(-27)?
-2
Let u(o) = 41*o - 359. Determine u(9).
10
Let s(y) = -y**3 + 3*y**2 + 24*y - 77. Give s(4).
3
Let q(m) = 66*m**2 + 1853*m + 150. Determine q(-28).
10
Let k(o) = -9*o**2 - 19*o + 22. Determine k(-4).
-46
Let l(k) = 4*k**2 + 8*k - 16. Give l(-4).
16
Let b(n) = -n**2 + 12*n + 135. Calculate b(23).
-118
Let j(g) = g**2 - 57*g - 248. Give j(62).
62
Let a(l) = -l**3 - 16*l**2 + 33*l - 10. What is a(-18)?
44
Let l(r) = -r**2 - 34*r - 304. Determine l(-16).
-16
Let g(m) = 3*m**2 - 4*m - 27. What is g(-3)?
12
Let g(u) = 4*u**3 + 506*u**2 - 251*u + 350. Determine g(-127).
-31
Let j(f) = -f**3 - 27*f**2 - 168*f - 113. Determine j(-19).
191
Let y(u) = -822*u + 14792. Calculate y(18).
-4
Let w(n) = n**2 - 34*n - 264. Give w(40).
-24
Let d(i) = 2*i**2 + 19*i + 3. What is d(-11)?
36
Let p(t) = 87*t + 656. Determine p(-9).
-127
Let x(s) = -s**3 - 7*s**2 + 96*s + 519. Give x(-5).
-11
Let n(t) = 47*t + 2084. Give n(-44).
16
Let m(i) = i**3 + 15*i**2 + 28*i + 102. Give m(-14).
-94
Let d(x) = 12*x - 34. Calculate d(4).
14
Let y(u) = 8*u**3 + 3*u**2 - 208*u + 205. Give y(1).
8
Let q(v) = -2*v**3 + 17*v**2 - 10*v + 4. Determine q(8).
-12
Let x(i) = -456*i - 30. What is x(-1)?
426
Let u(v) = v**3 + 134*v**2 + 732*v - 209. Determine u(-6).
7
Let l(q) = 17*q**2 + 65*q + 5. Determine l(-8).
573
Let v(h) = h**2 - 24*h + 7. Give v(24).
7
Let y(w) = w**3 - 9*w**2 - 9*w - 5. What is y(-4)?
-177
Let b(z) = -571*z - 3421. Give b(-6).
5
Let n(y) = -89*y - 1019. What is n(-12)?
49
Let w(z) = 6*z**3 + 14*z**2 + 15*z + 2. What is w(-1)?
-5
Let f(o) = -4*o - 87. Give f(-11).
-43
Let b(y) = -7*y + 77. Calculate b(9).
14
Let c(f) = -f**3 + 284*f**2 - 845*f + 2. What is c(3)?
-4
Let y(r) = 8*r**2 + 13*r - 30. Give y(-7).
271
Let j(g) = 3*g**3 + 13*g**2 + 34*g - 17. What is j(-5)?
-237
Let n(p) = 193*p**2 - 3089*p - 3. Determine n(16).
-19
Let z(w) = -w**3 - 154*w**2 + 512*w + 6431. Give z(-157).
-6
Let y(n) = 5*n**3 + 3*n**2 + 27*n + 92. What is y(-3)?
-97
Let u(n) = -n**2 + 759*n - 18324. Give u(25).
26
Let u(o) = -4*o**3 - 11*o**2 - 30*o - 49. Calculate u(-3).
50
Let a(m) = -8*m**2 + 10*m + 6. Give a(-1).
-12
Let c(w) = w**2 + 74*w + 720. Calculate c(-11).
27
Let l(q) = -q**2 - 950*q + 1895. Give l(2).
-9
Let v(n) = -127*n + 4848. Calculate v(39).
-105
Let h(l) = -2298*l + 22972. Give h(10).
-8
Let g(t) = 35*t + 2132. Determine g(-61).
-3
Let z(y) = y**2 - 199*y + 1884. What is z(10)?
-6
Let o(l) = -284*l + 1714. Determine o(6).
10
Let l(x) = x**2 - 20*x + 19. Calculate l(17).
-32
Let s(v) = -4*v**3 + 22*v**2 - 27*v + 15. What is s(4)?
3
Let o(i) = 682*i + 5476. Give o(-8).
20
Let a(p) = p**3 - 102*p**2 + 107*p - 535. Determine a(101).
71
Let m(q) = q**2 + 31*q + 82. Calculate m(-13).
-152
Let y(g) = -g**3 - 32*g**2 + 187*g + 63. Give y(-37).
-11
Let r(s) = -s**3 - 159*s**2 - 60*s - 9547. Give r(-159).
-7
Let w(x) = x**2 - 25*x + 57. Determine w(14).
-97
Let d(y) = 2*y**3 - 123*y**2 + 451*y + 15. Give d(4).
-21
Let g(o) = o**3 - 19*o**2 - 33*o + 926. Determine g(18).
8
Let s(k) = -k**2 + 451*k + 4569. Give s(-10).
-41
Let f(u) = 99*u + 7. Give f(-2).
-191
Let u(v) = -55*v + 1059. Determine u(19).
14
Let q(k) = 2*k**3 + 74*k**2 + 74*k - 5. Calculate q(-36).
-77
Let r(i) = -6*i**2 + 225*i - 446. Determine r(2).
-20
Let w(h) = 113*h**2 - 908*h + 40. Determine w(8).
8
Let c(i) = 251*i - 1361. Give c(5).
-106
Let z(y) = -1589*y + 27023. Give z(17).
10
Let m(k) = -14*k - 186. Calculate m(-36).
318
Let g(w) = -33*w - 320. Determine g(0).
-320
Let s(i) = -2*i**3 + 3*i**2 + 38*i - 7. What is s(-6)?
305
Let k(z) = 83*z + 2909. Calculate k(-35).
4
Let v(d) = -465*d - 10737. What is v(-23)?
-42
Let g(u) = u**3 + 33*u**2 - 93*u + 563. Determine g(-36).
23
Let p(v) = v**3 + 26*v**2 - 137*v - 588. Give p(-30).
-78
Let g(s) = s**2 - 148*s - 1422. Calculate g(-9).
-9
Let z(y) = y**3 - 7*y**2 - 42*y + 332. Give z(7).
38
Let i(x) = -x**3 - 164*x**2 + 1561*x - 44. Calculate i(9).
-8
Let w(r) = -r**2 + 17*r - 74. Determine w(10).
-4
Let f(m) = m**2 + 36*m + 141. What is f(-33)?
42
Let o(n) = n**2 + 77*n + 245. What is o(-3)?
23
Let p(l) = 2*l**2 - 292*l - 1541. Give p(151).
-31
Let l(y) = -127*y + 1901. What is l(15)?
-4
Let c(k) = 203*k + 2847. Calculate c(-14).
5
Let m(r) = -r**3 - 38*r**2 - 103*r + 65. Calculate m(-35).
-5
Let n(u) = 813*u - 11384. Give n(14).
-2
Let q(j) = 108*j - 431. What is q(5)?
109
Let j(l) = l**3 - 13*l**2 - 74*l + 574. What is j(16)?
158
Let i(w) = 3*w**2 - 45*w - 88. What is i(21)?
290
Let k(b) = -234*b - 689. Calculate k(-3).
13
Let r(k) = -k**2 - 16*k + 34900. Determine r(-195).
-5
Let l(h) = 87*h + 236. Calculate l(-3).
-25
Let d(w) = 98*w + 342. What is d(-4)?
-50
Let k(w) = 97*w - 7569. What is k(78)?
-3
Let n(a) = a**2 - 77*a + 691. Calculate n(58).
-411
Let q(y) = y**3 + 42*y**2 + 128*y + 416. Determine q(-39).
-13
Let b(f) = -130*f + 1. Calculate b(0).
1
Let i(r) = r**3 + 47*r**2 + 116*r + 3205. Give i(-46).
-15
Let k(i) = -197*i - 3743. Give k(-19).
0
Let d(t) = -t**2 + 16*t + 417. What is d(-14)?
-3
Let p(y) = 5*y**3 + 25*y**2 - y + 3. What is p(-5)?
8
Let b(k) = -k**2 + 521*k + 9140. Determine b(-17).
-6
Let t(r) = 4*r + 135. Give t(8).
167
Let u(i) = 7*i**2 - 2*i + 2. What is u(-6)?
266
Let k(l) = l**3 - 8*l**2 - 26*l + 1. Determine k(10).
-59
Let f(z) = -6*z**2 + 325*z + 271. What is f(55)?
-4
Let r(y) = 23*y**2 - 2*y - 29. Calculate r(6).
787
Let w(n) = 67*n - 3221. Calculate w(48).
-5
Let l(i) = i**2 + 598*i - 1806. What is l(3)?
-3
Let u(x) = -8*x**2 + 124*x + 31. Give u(16).
-33
Let h(f) = 7*f - 82. Give h(13).
9
Let p(r) = -7*r**3 + 846*r**2 + 122*r - 116. Give p(121).
5
Let q(d) = -d - 453. Give q(-35).
-418
Let d(u) = u**3 - 16*u**2 - 1. What is d(16)?
-1
Let t(n) = -3*n**3 - 37*n**2 - 104*n + 13. Calculate t(-6).
-47
Let f(i) = -12*i + 28. Determine f(-9).
136
Let w(l) = -l**2 - 81*l - 584. Determine w(-8).
0
Let b(m) = -5*m**2 - 26*m - 82. Calculate b(-6).
-106
Let f(v) = 730*v**2 + 4381*v + 6. Calculate f(-6).
0
Let i(u) = u**2 + 35*u + 297. Give i(-21).
3
Let p(i) = -3*i**3 - 9*i**2 + 2*i. Give p(1).
-10
Let f(l) = -23*l + 16. Give f(2).
-30
Let r(p) = p - 35. Give r(-27).
-62
Let x(r) = r**3 - 23*r**2 - 43*r + 37. Give x(25).
212
Let u(y) = 224*y**2 + y - 2. What is u(1)?
223
Let z(c) = c**3 + 6*c**2 + 2*c + 19. Determine z(0).
19
Let f(g) = -71*g - 72. Calculate f(7).
-569
Let f(a) = a**3 + 62*a**2 - 408*a + 7. Calculate f(-68).
7
Let x(u) = 5*u - 340. What is x(68)?
0
Let k(x) = 163*x + 2144. Give k(-13).
25
Let x(v) = v**3 - 124*v**2 + 256*v - 1461. What is x(122)?
3
Let v(c) = c**3 + 9*c**2 - 6*c - 55. What is v(-9)?
-1
Let l(x) = x**3 - 49*x**2 - 52*x + 107. What is l(50)?
7
Let z(u) = 87*u + 251. What is z(-3)?
-10
Let m(d) = 20*d**3 + 9*d**2 + 14*d + 5. Determine m(-1).
-20
Let o(g) = -g**2 - 32*g - 202. Calculate o(-24).
-10
Let u(i) = -i**2 + 1079*i + 4332. Calculate u(-4).
0
Let u(v) = -43*v + 60. Give u(2).
-26
Let r(m) = m**3 - 38*m**2 + 39*m - 78. Determine r(37).
-4
Let w(g) = 38*g + 576. Determine w(-18).
-108
Let f(l) = 51*l + 251. What is f(-7)?
-106
Let c(j) = -86*j - 1203. Calculate c(-14).
1
Let d(z) = 96*z**2 + 10*z - 10. Calculate d(1).
96
Let f(x) = 889*x**2 - 5334*x + 8. Give f(6).
8
Let h(r) = -269*r - 2341. Determine h(-9).
80
Let a(w) = w**3 + 7*w**2 + 12*w - 12. Calculate a(-8).
-172
Let l(t) = 11*t**3 + 234*t**2 + 59*t - 89. What is l(-21)?
-5
Let t(u) = -u**3 + 2*u**2 - 34*u + 117. Give t(3).
6
Let i(l) = 30*l + 795. Give i(-27).
-15
Let o(m) = 2*m**3 + 16*m**2 + 1. Determine o(-8).
1
Let z(f) = -20*f**3 - f**2 + 15*f + 12. Determine z(-1).
16
Let z(d) = d**3 - 8*d**2 - 32*d. Calculate z(9).
-207
Let z(g) = -g**2 - 70*g - 711. Give z(-57).
30
Let l(y) = y**3 + 20*y**2 + 57*y - 123. Give l(-8).
189
Let d(v) = v**3 - 157*v**2 - 13*v + 2046. Calculate d(157).
5
Let d(z) = z**2 + 115*z + 765. What is d(-7)?
9
Let c(h) = 36*h + 6. Determine c(9).
330
Let z(v) = -v**3 - 37*v**2 - 46*v - 224. Calculate z(-36).
136
Let h(i) = -9778*i - 146647. Give h(-15).
23
Let r(c) = c + 378. Gi